{"id":1338,"date":"2026-02-18T13:32:19","date_gmt":"2026-02-18T12:32:19","guid":{"rendered":"https:\/\/piximat.com\/index.php\/pixibox-magazine-7\/"},"modified":"2026-02-18T13:32:28","modified_gmt":"2026-02-18T12:32:28","slug":"pixibox-magazine-7","status":"publish","type":"page","link":"https:\/\/piximat.com\/index.php\/pixibox-magazine-7\/","title":{"rendered":"PixiBox Magazine"},"content":{"rendered":"\n  \n    <section class=\"u-clearfix u-container-align-center u-section-1\" id=\"block-12\">\n      <div class=\"u-clearfix u-sheet u-valign-middle-lg u-valign-middle-md u-valign-middle-sm u-valign-top-xs u-sheet-1\">\n        <div class=\"data-layout-selected u-clearfix u-expanded-width u-gutter-50 u-layout-wrap u-layout-wrap-1\">\n          <div class=\"u-layout\">\n            <div class=\"u-layout-row\">\n              <div class=\"u-align-left u-container-align-left u-container-style u-layout-cell u-left-cell u-shape-rectangle u-size-35 u-layout-cell-1\">\n                <div class=\"u-container-layout u-valign-middle-lg u-valign-middle-md u-valign-middle-sm u-container-layout-1\">\n                  <h1 class=\"u-align-left u-custom-font u-text u-text-body-color u-text-1\"> DEVENEZ LA STAR DE VOTRE PROPRE MAGAZINE<\/h1>\n                  <p class=\"u-align-left u-text u-text-2\"> Oubliez le photobooth classique.<br>\n                    <br>Offrez \u00e0 vos invit\u00e9s une exp\u00e9rience studio immersive digne des plus grands tapis rouges.<br>Des souvenirs iconiques, imprim\u00e9s instantan\u00e9ment. \n                  <\/p>\n                <\/div>\n              <\/div>\n              <div class=\"u-align-left u-container-align-left u-container-style u-layout-cell u-right-cell u-shape-rectangle u-size-25 u-layout-cell-2\">\n                <div class=\"u-container-layout u-container-layout-2\">\n                  <div class=\"u-expanded u-uploaded-video u-video\">\n                    <div class=\"embed-responsive\">\n                      <video class=\"embed-responsive-item\" data-autoplay=\"1\" loop=\"\" muted=\"1\" autoplay=\"autoplay\" playsinline=\"\">\n                        <source src=\"https:\/\/piximat.com\/wp-content\/uploads\/2026\/02\/Cration_Vido_Photobooth_Mariage-1.mp4\" type=\"video\/mp4\">\n                        <p>Your browser does not support HTML5 video.<\/p>\n                      <\/video>\n                    <\/div>\n                  <\/div>\n                <\/div>\n              <\/div>\n            <\/div>\n          <\/div>\n        <\/div>\n      <\/div>\n    <\/section>\n    <section class=\"u-clearfix u-container-align-center u-section-2\" id=\"block-3\">\n      <div class=\"u-clearfix u-sheet u-valign-middle-xl u-sheet-1\">\n        <div class=\"data-layout-selected u-clearfix u-expanded-width u-gutter-0 u-layout-wrap u-layout-wrap-1\">\n          <div class=\"u-layout\" style=\"\">\n            <div class=\"u-layout-row\" style=\"\">\n              <div class=\"u-align-center u-container-align-center u-container-style u-image u-layout-cell u-left-cell u-size-30 u-size-xs-60 u-image-1\" src=\"\" data-image-width=\"896\" data-image-height=\"1152\" style=\"background-image: url(&quot;https:\/\/piximat.com\/wp-content\/uploads\/2026\/02\/PixiBoxMagazineGalaBooth-2.png?rand=4490&quot;);\">\n                <div class=\"u-container-layout u-valign-middle u-container-layout-1\" src=\"\"><\/div>\n              <\/div>\n              <div class=\"u-align-center u-container-align-center u-container-style u-custom-color-2 u-layout-cell u-right-cell u-size-30 u-size-xs-60 u-layout-cell-2\" src=\"\" data-image-width=\"1080\" data-image-height=\"1080\">\n                <div class=\"u-container-layout u-valign-middle-lg u-valign-middle-md u-valign-middle-sm u-valign-middle-xs u-container-layout-2\">\n                  <h2 class=\"u-align-center u-custom-font u-text u-text-custom-color-7 u-text-1\">UN V\u00c9RITABLE STUDIO PHOTO \u00c9PH\u00c9M\u00c8RE <\/h2>\n                  <p class=\"u-align-center u-custom-font u-heading-font u-text u-text-2\"> \"Le PixiBox Magazine n'est pas une simple&nbsp;<br>borne pos\u00e9e dans un coin. C'est une pi\u00e8ce&nbsp;<br>ma\u00eetresse de votre d\u00e9coration.<br>\n                    <br>Con\u00e7ue comme un <b>studio de mode privatif<\/b>, elle offre un \u00e9crin avec son sol assorti et un \u00e9clairage professionnel digne d'un shooting Vogue.<br>\n                    <br>L'intimit\u00e9 de la cabine lib\u00e8re vos invit\u00e9s : les poses&nbsp;<br>sont plus folles, les rires plus sinc\u00e8res.&nbsp;<br>\n                    <br>Le r\u00e9sultat ? Des clich\u00e9s d'une qualit\u00e9 exceptionnelle, loin des photos de cabine traditionnelles.\"\n                  <\/p>\n                <\/div>\n              <\/div>\n            <\/div>\n          <\/div>\n        <\/div>\n      <\/div>\n    <\/section>\n    <section class=\"u-clearfix u-container-align-center u-valign-middle u-section-3\" id=\"sec-db21\">\n      <h2 class=\"u-align-center u-custom-font u-text u-text-custom-color-7 u-text-1\">\u00c0 LA UNE DE VOTRE \u00c9V\u00c9VENEMENT<\/h2>\n      <p class=\"u-align-center u-custom-font u-heading-font u-text u-text-2\"> Chaque photo est automatiquement transform\u00e9e en couverture de magazine personnalis\u00e9e avec vos titres, vos dates et vos pr\u00e9noms.<\/p>\n      <div class=\"u-expanded-width u-gallery u-layout-horizontal u-lightbox u-no-transition u-show-text-on-hover u-gallery-1\">\n        <div class=\"u-gallery-inner u-gallery-inner-1\"><div class=\"u-effect-fade u-gallery-item u-gallery-item-1\"><div class=\"u-back-slide\" data-image-width=\"1200\" data-image-height=\"1800\"><img decoding=\"async\" class=\"u-back-image\" src=\"https:\/\/piximat.com\/wp-content\/uploads\/2026\/02\/20260110_194554_904-2.jpg\">\n<\/div><div class=\"u-over-slide u-shading u-over-slide-1\"><\/div>\n<\/div><div class=\"u-effect-fade u-gallery-item u-gallery-item-2\" data-image-width=\"2000\" data-image-height=\"2999\"><div class=\"u-back-slide\" data-image-width=\"832\" data-image-height=\"1248\"><img decoding=\"async\" class=\"u-back-image\" src=\"https:\/\/piximat.com\/wp-content\/uploads\/2026\/02\/PixiBox_Magazine_Success_Cover-2.jpg\">\n<\/div><div class=\"u-over-slide u-shading u-over-slide-2\"><\/div>\n<\/div><div class=\"u-effect-fade u-gallery-item u-gallery-item-3\" data-image-width=\"2000\" data-image-height=\"2999\"><div class=\"u-back-slide\" data-image-width=\"709\" data-image-height=\"991\"><img decoding=\"async\" class=\"u-back-image\" src=\"https:\/\/piximat.com\/wp-content\/uploads\/2026\/02\/PixiBox-Magazine-JP-Birthday-2.jpg?rand=0209\">\n<\/div><div class=\"u-over-slide u-shading u-over-slide-3\"><\/div>\n<\/div><div class=\"u-effect-fade u-gallery-item u-gallery-item-4\" data-image-width=\"1333\" data-image-height=\"2000\"><div class=\"u-back-slide\" data-image-width=\"567\" data-image-height=\"793\"><img decoding=\"async\" class=\"u-back-image\" src=\"https:\/\/piximat.com\/wp-content\/uploads\/2026\/02\/Cover-Magazine-Fashion-Piximat-Homepage-2.jpg?rand=7b3f\">\n<\/div><div class=\"u-over-slide u-shading u-over-slide-4\"><\/div>\n<\/div><div class=\"u-effect-fade u-gallery-item u-gallery-item-5\" data-image-width=\"2000\" data-image-height=\"3000\"><div class=\"u-back-slide\" data-image-width=\"832\" data-image-height=\"1248\"><img decoding=\"async\" class=\"u-back-image\" src=\"https:\/\/piximat.com\/wp-content\/uploads\/2026\/02\/PixiBox_Cover_Genlteman_1-2.png\">\n<\/div><div class=\"u-over-slide u-shading u-over-slide-5\"><\/div>\n<\/div><div class=\"u-effect-fade u-gallery-item u-gallery-item-6\" data-image-width=\"1800\" data-image-height=\"2700\"><div class=\"u-back-slide\" data-image-width=\"832\" data-image-height=\"1248\"><img decoding=\"async\" class=\"u-back-image\" src=\"https:\/\/piximat.com\/wp-content\/uploads\/2026\/02\/PixiBox_Magazine_Cover_Bazaar-2.jpg\">\n<\/div><div class=\"u-over-slide u-shading u-over-slide-6\"><\/div>\n<\/div><\/div>\n        <a class=\"u-absolute-vcenter u-gallery-nav u-gallery-nav-prev u-grey-70 u-icon-circle u-opacity u-opacity-70 u-spacing-10 u-text-white u-gallery-nav-1\" href=\"#\" role=\"button\"><span aria-hidden=\"true\">\n            <svg viewBox=\"0 0 451.847 451.847\"><path d=\"M97.141,225.92c0-8.095,3.091-16.192,9.259-22.366L300.689,9.27c12.359-12.359,32.397-12.359,44.751,0\nc12.354,12.354,12.354,32.388,0,44.748L173.525,225.92l171.903,171.909c12.354,12.354,12.354,32.391,0,44.744\nc-12.354,12.365-32.386,12.365-44.745,0l-194.29-194.281C100.226,242.115,97.141,234.018,97.141,225.92z\"><\/path><\/svg><\/span><span class=\"sr-only\">\n            <svg viewBox=\"0 0 451.847 451.847\"><path d=\"M97.141,225.92c0-8.095,3.091-16.192,9.259-22.366L300.689,9.27c12.359-12.359,32.397-12.359,44.751,0\nc12.354,12.354,12.354,32.388,0,44.748L173.525,225.92l171.903,171.909c12.354,12.354,12.354,32.391,0,44.744\nc-12.354,12.365-32.386,12.365-44.745,0l-194.29-194.281C100.226,242.115,97.141,234.018,97.141,225.92z\"><\/path><\/svg><\/span>\n        <\/a>\n        <a class=\"u-absolute-vcenter u-gallery-nav u-gallery-nav-next u-grey-70 u-icon-circle u-opacity u-opacity-70 u-spacing-10 u-text-white u-gallery-nav-2\" href=\"#\" role=\"button\"><span aria-hidden=\"true\">\n            <svg viewBox=\"0 0 451.846 451.847\"><path d=\"M345.441,248.292L151.154,442.573c-12.359,12.365-32.397,12.365-44.75,0c-12.354-12.354-12.354-32.391,0-44.744\nL278.318,225.92L106.409,54.017c-12.354-12.359-12.354-32.394,0-44.748c12.354-12.359,32.391-12.359,44.75,0l194.287,194.284\nc6.177,6.18,9.262,14.271,9.262,22.366C354.708,234.018,351.617,242.115,345.441,248.292z\"><\/path><\/svg><\/span><span class=\"sr-only\">\n            <svg viewBox=\"0 0 451.846 451.847\"><path d=\"M345.441,248.292L151.154,442.573c-12.359,12.365-32.397,12.365-44.75,0c-12.354-12.354-12.354-32.391,0-44.744\nL278.318,225.92L106.409,54.017c-12.354-12.359-12.354-32.394,0-44.748c12.354-12.359,32.391-12.359,44.75,0l194.287,194.284\nc6.177,6.18,9.262,14.271,9.262,22.366C354.708,234.018,351.617,242.115,345.441,248.292z\"><\/path><\/svg><\/span>\n        <\/a>\n      <\/div>\n    <\/section>\n    <section class=\"u-align-center u-clearfix u-container-align-center u-section-4\" id=\"block-4\">\n      <div class=\"u-align-left u-clearfix u-sheet u-valign-middle u-sheet-1\">\n        <div class=\"u-expanded-width u-list u-list-1\">\n          <div class=\"u-repeater u-repeater-1\">\n            <div class=\"u-container-align-center u-container-style u-list-item u-repeater-item\">\n              <div class=\"u-container-layout u-similar-container u-valign-top-lg u-valign-top-md u-valign-top-sm u-valign-top-xs u-container-layout-1\"><span class=\"u-align-center u-file-icon u-icon u-text-custom-color-7 u-icon-1\"><img decoding=\"async\" src=\"https:\/\/piximat.com\/wp-content\/uploads\/2026\/02\/4c249a09-2.png\" alt=\"\"><\/span>\n                <h3 class=\"u-align-center u-text u-text-default u-text-1\">Prenez&nbsp;<br>la Pose\n                <\/h3>\n                <p class=\"u-align-center u-custom-font u-heading-font u-text u-text-2\"> Entrez dans la lumi\u00e8re. Notre \u00e9clairage studio vous sublime instantan\u00e9ment. Seul, en couple ou en groupe, laissez parler votre cr\u00e9ativit\u00e9.<\/p>\n              <\/div>\n            <\/div>\n            <div class=\"u-container-align-center u-container-style u-list-item u-repeater-item\">\n              <div class=\"u-container-layout u-similar-container u-valign-top-lg u-valign-top-md u-valign-top-sm u-valign-top-xs u-container-layout-2\"><span class=\"u-align-center u-file-icon u-icon u-text-custom-color-7 u-icon-2\"><img decoding=\"async\" src=\"https:\/\/piximat.com\/wp-content\/uploads\/2026\/02\/9bf3533a-2.png\" alt=\"\"><\/span>\n                <h3 class=\"u-align-center u-text u-text-default u-text-3\"> La Magie&nbsp;<br>Op\u00e8re\n                <\/h3>\n                <p class=\"u-align-center u-custom-font u-heading-font u-text u-text-4\"> En une seconde, notre logiciel int\u00e8gre votre photo dans le design \"Magazine\" que nous avons cr\u00e9\u00e9 sur-mesure pour vous.<\/p>\n              <\/div>\n            <\/div>\n            <div class=\"u-container-align-center u-container-style u-list-item u-repeater-item\">\n              <div class=\"u-container-layout u-similar-container u-valign-top-lg u-valign-top-md u-valign-top-sm u-valign-top-xs u-container-layout-3\"><span class=\"u-align-center u-file-icon u-icon u-text-custom-color-7 u-icon-3\"><img decoding=\"async\" src=\"https:\/\/piximat.com\/wp-content\/uploads\/2026\/02\/ec799723-2.png\" alt=\"\"><\/span>\n                <h3 class=\"u-align-center u-text u-text-default u-text-5\"> Impression Instantan\u00e9e<\/h3>\n                <p class=\"u-align-center u-custom-font u-heading-font u-text u-text-6\"> Repartez imm\u00e9diatement avec votre tirage sur papier glac\u00e9 professionnel. Le souvenir tangible d'une soir\u00e9e inoubliable.<\/p>\n              <\/div>\n            <\/div>\n          <\/div>\n        <\/div>\n      <\/div>\n    <\/section>\n    <section class=\"u-align-left u-clearfix u-container-align-left u-section-5\" id=\"sec-3e30\">\n      <div class=\"u-clearfix u-sheet u-valign-bottom-xl u-sheet-1\">\n        <h2 class=\"u-custom-font u-text u-text-custom-color-7 u-text-1\"> UNE PRESTATION TOUT INCLUS HAUT DE GAMME<\/h2>\n        <div class=\"u-expanded-width u-list u-list-1\">\n          <div class=\"u-repeater u-repeater-1\">\n            <div class=\"u-align-left u-border-10 u-border-custom-color-1 u-border-no-bottom u-border-no-right u-border-no-top u-container-align-left u-container-style u-list-item u-repeater-item u-shape-rectangle\">\n              <div class=\"u-container-layout u-similar-container u-valign-bottom-xs u-container-layout-1\"><span class=\"u-file-icon u-icon u-text-custom-color-7 u-icon-1\"><img decoding=\"async\" src=\"https:\/\/piximat.com\/wp-content\/uploads\/2026\/02\/24836a38-2.png\" alt=\"\"><\/span>\n                <p class=\"u-custom-font u-heading-font u-text u-text-2\"><b>La Structure Studio Compl\u00e8te&nbsp;<\/b>\n                  <br>Fond en tissus de couleur et sol assorti aux couleurs de votre th\u00e8me.\n                <\/p>\n              <\/div>\n            <\/div>\n            <div class=\"u-align-left u-border-10 u-border-custom-color-1 u-border-no-bottom u-border-no-right u-border-no-top u-container-align-left u-container-style u-list-item u-repeater-item u-shape-rectangle\">\n              <div class=\"u-container-layout u-similar-container u-valign-bottom-xs u-container-layout-2\"><span class=\"u-file-icon u-icon u-text-custom-color-7 u-icon-2\"><img decoding=\"async\" src=\"https:\/\/piximat.com\/wp-content\/uploads\/2026\/02\/24836a38-2.png\" alt=\"\"><\/span>\n                <p class=\"u-custom-font u-heading-font u-text u-text-3\"><b>L'\u00c9clairage Professionnel<\/b>\n                  <br>Le secret pour des photos \"Whaou\".\n                <\/p>\n              <\/div>\n            <\/div>\n            <div class=\"u-align-left u-border-10 u-border-custom-color-1 u-border-no-bottom u-border-no-right u-border-no-top u-container-align-left u-container-style u-list-item u-repeater-item u-shape-rectangle\">\n              <div class=\"u-container-layout u-similar-container u-valign-bottom-xs u-container-layout-3\"><span class=\"u-file-icon u-icon u-text-custom-color-7 u-icon-3\"><img decoding=\"async\" src=\"https:\/\/piximat.com\/wp-content\/uploads\/2026\/02\/24836a38-2.png\" alt=\"\"><\/span>\n                <p class=\"u-custom-font u-heading-font u-text u-text-4\"><b>Le Design Sur-Mesure<\/b>&nbsp;<br>Cr\u00e9ation de 5 couvertures de magazines personnalis\u00e9es aux couleurs de votre \u00e9v\u00e9nement (titres, polices, couleurs) par notre graphiste.\n                <\/p>\n              <\/div>\n            <\/div>\n            <div class=\"u-align-left u-border-10 u-border-custom-color-1 u-border-no-bottom u-border-no-right u-border-no-top u-container-align-left u-container-style u-list-item u-repeater-item u-shape-rectangle\">\n              <div class=\"u-container-layout u-similar-container u-valign-bottom-xs u-container-layout-4\"><span class=\"u-file-icon u-icon u-text-custom-color-7 u-icon-4\"><img decoding=\"async\" src=\"https:\/\/piximat.com\/wp-content\/uploads\/2026\/02\/24836a38-2.png\" alt=\"\"><\/span>\n                <p class=\"u-custom-font u-heading-font u-text u-text-5\"><b>Impressions Illimit\u00e9es<\/b>\n                  <br>Qualit\u00e9 laboratoire sur papier \u00e9pais (10x15cm en seulement 15 secondes.\n                <\/p>\n              <\/div>\n            <\/div>\n            <div class=\"u-align-left u-border-10 u-border-custom-color-1 u-border-no-bottom u-border-no-right u-border-no-top u-container-align-left u-container-style u-list-item u-repeater-item u-shape-rectangle\">\n              <div class=\"u-container-layout u-similar-container u-valign-bottom-xs u-container-layout-5\"><span class=\"u-file-icon u-icon u-text-custom-color-7 u-icon-5\"><img decoding=\"async\" src=\"https:\/\/piximat.com\/wp-content\/uploads\/2026\/02\/24836a38-2.png\" alt=\"\"><\/span>\n                <p class=\"u-custom-font u-heading-font u-text u-text-6\"><b>Galerie Priv\u00e9e<\/b>\n                  <br>Toutes les photos num\u00e9riques HD disponibles apr\u00e8s l'\u00e9v\u00e9nement.\n                <\/p>\n              <\/div>\n            <\/div>\n            <div class=\"u-align-left u-border-10 u-border-custom-color-1 u-border-no-bottom u-border-no-right u-border-no-top u-container-align-left u-container-style u-list-item u-repeater-item u-shape-rectangle\">\n              <div class=\"u-container-layout u-similar-container u-valign-bottom-xs u-container-layout-6\"><span class=\"u-file-icon u-icon u-text-custom-color-7 u-icon-6\"><img decoding=\"async\" src=\"https:\/\/piximat.com\/wp-content\/uploads\/2026\/02\/24836a38-2.png\" alt=\"\"><\/span>\n                <p class=\"u-custom-font u-heading-font u-text u-text-7\"><b>Installation &amp; Reprise<\/b>\n                  <br>On s'occupe de tout, partout en Suisse Romande.\n                <\/p>\n              <\/div>\n            <\/div>\n          <\/div>\n        <\/div>\n      <\/div>\n    <\/section>\n    <section class=\"u-align-center u-clearfix u-container-align-center u-section-6\" id=\"sec-c140\">\n      <div class=\"u-clearfix u-sheet u-valign-middle-lg u-valign-middle-md u-valign-middle-sm u-valign-middle-xl u-sheet-1\">\n        <div class=\"data-layout-selected u-clearfix u-expanded-width u-gutter-22 u-layout-wrap u-layout-wrap-1\">\n          <div class=\"u-layout\">\n            <div class=\"u-layout-row\">\n              <div class=\"u-align-center u-container-align-center u-container-align-center-md u-container-align-center-sm u-container-align-center-xs u-container-align-left-lg u-container-align-left-xl u-container-style u-layout-cell u-right-cell u-shape-rectangle u-size-26-lg u-size-26-xl u-size-60-md u-size-60-sm u-size-60-xs u-layout-cell-1\">\n                <div class=\"u-container-layout u-container-layout-1\">\n                  <h2 class=\"u-custom-font u-text u-text-body-color u-text-default u-text-1\">VOTRE DATE EST-ELLE ENCORE DISPONIBLE ?<\/h2>\n                  <p class=\"u-align-center-md u-align-center-sm u-align-center-xs u-text u-text-default u-text-2\">Les agendas 2026 \/ 2027 se remplissent rapidement.<br>V\u00e9rifiez si nous pouvons faire partie de votre \u00e9v\u00e9nement.\n                  <\/p>\n                <\/div>\n              <\/div>\n              <div class=\"u-align-center u-container-style u-layout-cell u-shape-rectangle u-size-34-lg u-size-34-xl u-size-60-md u-size-60-sm u-size-60-xs u-layout-cell-2\">\n                <div class=\"u-container-layout u-valign-top u-container-layout-2\">\n                  <div class=\"u-expanded-width u-form u-form-1\">\n                    <form action=\"https:\/\/service.nicepagesrv.com\/form\/v4\/form-process\" class=\"u-clearfix u-form-spacing-15 u-form-vertical u-inner-form\" style=\"padding: 0;\" source=\"email\" name=\"form\">\n                      <div class=\"u-form-date u-form-group u-form-group-1\">\n                        <label for=\"date-9b69\" class=\"u-label\">Date de votre \u00e9v\u00e9nement<\/label>\n                        <input type=\"text\" placeholder=\"MM\/JJ\/AAAA\" id=\"date-9b69\" name=\"date\" class=\"u-border-2 u-border-black u-border-no-left u-border-no-right u-border-no-top u-input u-input-rectangle\" required=\"\" data-date-format=\"mm\/dd\/yyyy\">\n                      <\/div>\n                      <div class=\"u-form-email u-form-group\">\n                        <label for=\"email-daf4\" class=\"u-label\">Email<\/label>\n                        <input type=\"email\" placeholder=\"Entrez une adresse email valide\" id=\"email-daf4\" name=\"email\" class=\"u-border-2 u-border-black u-border-no-left u-border-no-right u-border-no-top u-input u-input-rectangle\" required=\"\">\n                      <\/div>\n                      <div class=\"u-align-center u-form-group u-form-submit\">\n                        <a href=\"#\" class=\"u-active-palette-3-dark-1 u-border-none u-btn u-btn-round u-btn-submit u-button-style u-custom-color-7 u-hover-custom-color-3 u-radius-50 u-btn-1\">V\u00c9RIFIER LA DISPONIBILIT\u00c9<\/a>\n                        <input type=\"submit\" value=\"submit\" class=\"u-form-control-hidden\">\n                      <\/div>\n                      <div class=\"u-form-send-message u-form-send-success\">Merci ! Votre message a \u00e9t\u00e9 envoy\u00e9.<\/div>\n                      <div class=\"u-form-send-error u-form-send-message\">Impossible d'envoyer votre message. Merci de corriger les erreurs et r\u00e9essayer.<\/div>\n                      <input type=\"hidden\" value=\"\" name=\"recaptchaResponse\">\n                      <input type=\"hidden\" name=\"formServices\" value=\"c9e875d9-cd57-6bec-15cc-9fdcf2c1d27a\">\n                    <\/form>\n                  <\/div>\n                <\/div>\n              <\/div>\n            <\/div>\n          <\/div>\n        <\/div>\n      <\/div>\n    <\/section>\n    \n    \n    \n    \n    \n    \n  \n","protected":false},"excerpt":{"rendered":"<p>DEVENEZ LA STAR DE VOTRE PROPRE MAGAZINE Oubliez le photobooth classique. Offrez \u00e0 vos invit\u00e9s une exp\u00e9rience studio immersive digne des plus grands tapis rouges.Des souvenirs iconiques, imprim\u00e9s instantan\u00e9ment. Your browser does not support HTML5 video. UN V\u00c9RITABLE STUDIO PHOTO \u00c9PH\u00c9M\u00c8RE \u00ab\u00a0Le PixiBox Magazine n&rsquo;est pas une simple&nbsp;borne pos\u00e9e dans un coin. C&rsquo;est une pi\u00e8ce&nbsp;ma\u00eetresse &hellip; <a href=\"https:\/\/piximat.com\/index.php\/pixibox-magazine-7\/\" class=\"more-link\">Continue reading<span class=\"screen-reader-text\"> \u00ab\u00a0PixiBox Magazine\u00a0\u00bb<\/span><\/a><\/p>\n","protected":false},"author":1,"featured_media":0,"parent":0,"menu_order":2,"comment_status":"closed","ping_status":"closed","template":"","meta":{"footnotes":""},"class_list":["post-1338","page","type-page","status-publish","hentry"],"_links":{"self":[{"href":"https:\/\/piximat.com\/index.php\/wp-json\/wp\/v2\/pages\/1338","targetHints":{"allow":["GET"]}}],"collection":[{"href":"https:\/\/piximat.com\/index.php\/wp-json\/wp\/v2\/pages"}],"about":[{"href":"https:\/\/piximat.com\/index.php\/wp-json\/wp\/v2\/types\/page"}],"author":[{"embeddable":true,"href":"https:\/\/piximat.com\/index.php\/wp-json\/wp\/v2\/users\/1"}],"replies":[{"embeddable":true,"href":"https:\/\/piximat.com\/index.php\/wp-json\/wp\/v2\/comments?post=1338"}],"version-history":[{"count":1,"href":"https:\/\/piximat.com\/index.php\/wp-json\/wp\/v2\/pages\/1338\/revisions"}],"predecessor-version":[{"id":1354,"href":"https:\/\/piximat.com\/index.php\/wp-json\/wp\/v2\/pages\/1338\/revisions\/1354"}],"wp:attachment":[{"href":"https:\/\/piximat.com\/index.php\/wp-json\/wp\/v2\/media?parent=1338"}],"curies":[{"name":"wp","href":"https:\/\/api.w.org\/{rel}","templated":true}]}}