{"id":1337,"date":"2026-02-18T13:32:18","date_gmt":"2026-02-18T12:32:18","guid":{"rendered":"https:\/\/piximat.com\/index.php\/themes-4\/"},"modified":"2026-02-18T13:32:28","modified_gmt":"2026-02-18T12:32:28","slug":"themes-4","status":"publish","type":"page","link":"https:\/\/piximat.com\/index.php\/themes-4\/","title":{"rendered":"Th\u00e8mes"},"content":{"rendered":"\n  \n    <section class=\"u-clearfix u-section-1\" id=\"sec-9a2f\">\n      <div class=\"u-clearfix u-sheet u-valign-middle-lg u-valign-middle-md u-valign-middle-sm u-sheet-1\">\n        <div class=\"data-layout-selected u-clearfix u-expanded-width u-gutter-20 u-layout-wrap u-layout-wrap-1\">\n          <div class=\"u-layout\">\n            <div class=\"u-layout-row\">\n              <div class=\"u-size-30 u-size-60-md\">\n                <div class=\"u-layout-col\">\n                  <div class=\"skrollable u-container-style u-image u-image-round u-layout-cell u-radius u-shape-rectangle u-size-40 u-image-1\" data-image-width=\"896\" data-image-height=\"1152\" style=\"background-image: url(&quot;https:\/\/piximat.com\/wp-content\/uploads\/2026\/02\/PixiBox-Magazine-Thme-Gatsby-2.jpg&quot;);\">\n                    <div class=\"u-container-layout u-valign-bottom-lg u-valign-bottom-md u-valign-bottom-sm u-valign-bottom-xs u-container-layout-1\"><\/div>\n                  <\/div>\n                  <div class=\"u-container-align-center u-container-style u-layout-cell u-size-20 u-layout-cell-2\">\n                    <div class=\"u-container-layout u-valign-middle-lg u-valign-middle-md u-valign-middle-sm u-container-layout-2\">\n                      <h2 class=\"u-align-center u-subtitle u-text u-text-default-lg u-text-default-md u-text-default-sm u-text-default-xl u-text-1\"> Du glamour des ann\u00e9es folles \u00e0 la rigueur d'une identit\u00e9 de marque, nos studios mobiles s'adaptent pour devenir une pi\u00e8ce ma\u00eetresse de votre sc\u00e9nographie.<\/h2>\n                    <\/div>\n                  <\/div>\n                <\/div>\n              <\/div>\n              <div class=\"u-size-30 u-size-60-md\">\n                <div class=\"u-layout-col\">\n                  <div class=\"u-container-align-center u-container-style u-layout-cell u-size-20 u-layout-cell-3\">\n                    <div class=\"u-container-layout u-valign-middle u-container-layout-3\">\n                      <h1 class=\"u-align-center u-custom-font u-text u-text-body-color u-text-default u-text-2\"> CR\u00c9EZ L'IMMERSION. SUBLIMEZ VOTRE TH\u00c8ME.<\/h1>\n                    <\/div>\n                  <\/div>\n                  <div class=\"skrollable u-container-style u-image u-image-round u-layout-cell u-radius u-shape-rectangle u-size-40 u-image-2\" data-image-width=\"896\" data-image-height=\"1152\" style=\"background-image: url(&quot;https:\/\/piximat.com\/wp-content\/uploads\/2026\/02\/PixiBox-Magazine-street-2.jpg&quot;);\">\n                    <div class=\"u-container-layout u-valign-middle-lg u-valign-middle-md u-valign-middle-sm u-valign-middle-xs u-container-layout-4\"><\/div>\n                  <\/div>\n                <\/div>\n              <\/div>\n            <\/div>\n          <\/div>\n        <\/div>\n      <\/div>\n    <\/section>\n    <section class=\"u-align-center u-black u-clearfix u-container-align-center u-section-2\" id=\"sec-71db\">\n      <div class=\"u-clearfix u-sheet u-sheet-1\"><span class=\"u-custom-color-7 u-file-icon u-icon u-icon-circle u-icon-1\"><img decoding=\"async\" src=\"https:\/\/piximat.com\/wp-content\/uploads\/2026\/02\/28e26126-2.png\" alt=\"\"><\/span>\n        <h2 class=\"u-custom-font u-text u-text-custom-color-7 u-text-1\"> UNE PERSONNALISATION \u00c0 360\u00b0.<\/h2>\n        <h6 class=\"u-text u-text-default u-text-2\"> Un th\u00e8me r\u00e9ussi se joue dans les d\u00e9tails.&nbsp;<br>\n          <br>Chez Piximat, nous ne nous contentons pas de poser une borne.&nbsp;<br>Nous adaptons l'exp\u00e9rience compl\u00e8te :<br>\n          <br><b>L'Interface Tactile :<\/b> Vos invit\u00e9s naviguent sur un \u00e9cran aux couleurs de la soir\u00e9e.<br>\n          <br><b>Le Cadre Photo :<\/b>&nbsp;La d\u00e9coration de la box Magazine est personnalis\u00e9e&nbsp;<br>aux couleurs de&nbsp;votre \u00e9v\u00e9nement.<br>\n          <br><span style=\"font-weight: 700;\">La Mise en page des photos :<\/span> Le design imprim\u00e9 est une cr\u00e9ation graphique unique.<br>\n          <br><b>L'Habillage (Option) :<\/b> La borne elle-m\u00eame peut rev\u00eatir vos&nbsp;<br>couleurs gr\u00e2ce au covering vinyle.\n        <\/h6>\n      <\/div>\n    <\/section>\n    <section class=\"u-black u-clearfix u-container-align-center u-section-3\" id=\"block-3\">\n      <div class=\"u-clearfix u-sheet u-valign-middle-lg u-valign-middle-sm u-valign-middle-xs u-sheet-1\">\n        <div class=\"data-layout-selected u-clearfix u-expanded-width u-gutter-0 u-layout-wrap u-layout-wrap-1\">\n          <div class=\"u-layout\">\n            <div class=\"u-layout-col\">\n              <div class=\"u-size-30\">\n                <div class=\"u-layout-row\">\n                  <div class=\"u-container-style u-image u-layout-cell u-left-cell u-size-20 u-image-1\" src=\"\" data-image-width=\"567\" data-image-height=\"583\" style=\"background-image: url(&quot;https:\/\/piximat.com\/wp-content\/uploads\/2026\/02\/Disco_Booth_Piximat_2-2.jpg&quot;);\">\n                    <div class=\"u-container-layout u-valign-middle u-container-layout-1\"><\/div>\n                  <\/div>\n                  <div class=\"u-align-left u-black u-container-align-left u-container-style u-layout-cell u-shading u-size-20 u-layout-cell-2\">\n                    <div class=\"u-container-layout u-valign-middle u-container-layout-2\">\n                      <h4 class=\"u-align-left u-text u-text-1\">ELECTRO, DISCO&nbsp;<br>&amp; FUTUR\n                      <\/h4>\n                      <p class=\"u-align-left u-text u-text-2\"> Pour les ambiances \u00e9lectriques. Nous jouons avec des designs graphiques audacieux, des couleurs fluo et des mises en page dynamiques qui vibrent au rythme de votre playlist.<\/p>\n                    <\/div>\n                  <\/div>\n                  <div class=\"u-container-style u-image u-layout-cell u-size-20 u-image-2\" src=\"\" data-image-width=\"567\" data-image-height=\"553\" style=\"background-image: url(&quot;https:\/\/piximat.com\/wp-content\/uploads\/2026\/02\/Mariage_PixiBox_Magazine-2.jpg&quot;);\">\n                    <div class=\"u-container-layout u-valign-middle u-container-layout-3\"><\/div>\n                  <\/div>\n                <\/div>\n              <\/div>\n              <div class=\"u-size-30\">\n                <div class=\"u-layout-row\">\n                  <div class=\"u-align-left u-black u-container-align-left u-container-style u-layout-cell u-left-cell u-shading u-size-20 u-layout-cell-4\">\n                    <div class=\"u-container-layout u-valign-middle u-container-layout-4\">\n                      <h4 class=\"u-align-left u-text u-text-3\">HALLOWEEN, NO\u00cbL<br>&amp; EVENTS\n                      <\/h4>\n                      <p class=\"u-align-left u-text u-text-4\"> De l'ambiance cosy d'un chalet de montagne pour vos f\u00eates de fin d'ann\u00e9e aux d\u00e9cors effrayants d'Halloween. Nous disposons d'un catalogue d'accessoires num\u00e9riques et de masques pour coller \u00e0 l'\u00e9v\u00e9nement du moment.<\/p>\n                    <\/div>\n                  <\/div>\n                  <div class=\"u-container-style u-image u-layout-cell u-size-20 u-image-3\" src=\"\" data-image-width=\"624\" data-image-height=\"620\" style=\"background-image: url(&quot;https:\/\/piximat.com\/wp-content\/uploads\/2026\/02\/Hallowee_Box_Magazine-2.jpg&quot;);\">\n                    <div class=\"u-container-layout u-valign-middle u-container-layout-5\"><\/div>\n                  <\/div>\n                  <div class=\"u-align-left u-black u-container-align-left u-container-style u-layout-cell u-shading u-size-20 u-layout-cell-6\">\n                    <div class=\"u-container-layout u-valign-middle u-container-layout-6\">\n                      <h4 class=\"u-align-left u-text u-text-5\">ANN\u00c9ES FOLLES&nbsp;<br>&amp; TAPIS ROUGE\n                      <\/h4>\n                      <p class=\"u-align-left u-text u-text-6\"> Plumes, paillettes dor\u00e9es et ambiance feutr\u00e9e. Transformez votre soir\u00e9e en gala de prestige. Le fond noir profond et l'\u00e9clairage studio de notre Box Magazine subliment les tenues de soir\u00e9e pour un rendu \"Cin\u00e9ma\" intemporel.<\/p>\n                    <\/div>\n                  <\/div>\n                <\/div>\n              <\/div>\n            <\/div>\n          <\/div>\n        <\/div>\n      <\/div>\n    <\/section>\n    <section class=\"u-clearfix u-valign-middle-lg u-valign-middle-md u-valign-middle-sm u-valign-middle-xl u-section-4\" id=\"block-4\">\n      <h2 class=\"u-align-center u-custom-font u-text u-text-custom-color-7 u-text-1\">CHAQUE DESIGN EST UNIQUE ET CR\u00c9\u00c9 POUR VOUS<\/h2>\n      <div class=\"u-expanded-width u-gallery u-layout-horizontal u-lightbox u-no-transition u-show-text-on-hover u-gallery-1\">\n        <div class=\"u-gallery-inner u-gallery-inner-1\"><div class=\"u-effect-fade u-gallery-item u-gallery-item-1\"><div class=\"u-back-slide\" data-image-width=\"1200\" data-image-height=\"1800\"><img decoding=\"async\" class=\"u-back-image\" src=\"https:\/\/piximat.com\/wp-content\/uploads\/2026\/02\/20260110_194554_904-2.jpg\">\n<\/div><div class=\"u-over-slide u-shading u-over-slide-1\"><\/div>\n<\/div><div class=\"u-effect-fade u-gallery-item u-gallery-item-2\" data-image-width=\"2000\" data-image-height=\"2999\"><div class=\"u-back-slide\" data-image-width=\"832\" data-image-height=\"1248\"><img decoding=\"async\" class=\"u-back-image\" src=\"https:\/\/piximat.com\/wp-content\/uploads\/2026\/02\/PixiBox_Magazine_Success_Cover-2.jpg\">\n<\/div><div class=\"u-over-slide u-shading u-over-slide-2\"><\/div>\n<\/div><div class=\"u-effect-fade u-gallery-item u-gallery-item-3\" data-image-width=\"2000\" data-image-height=\"2999\"><div class=\"u-back-slide\" data-image-width=\"709\" data-image-height=\"991\"><img decoding=\"async\" class=\"u-back-image\" src=\"https:\/\/piximat.com\/wp-content\/uploads\/2026\/02\/PixiBox-Magazine-JP-Birthday-2.jpg?rand=0209\">\n<\/div><div class=\"u-over-slide u-shading u-over-slide-3\"><\/div>\n<\/div><div class=\"u-effect-fade u-gallery-item u-gallery-item-4\" data-image-width=\"1333\" data-image-height=\"2000\"><div class=\"u-back-slide\" data-image-width=\"567\" data-image-height=\"793\"><img decoding=\"async\" class=\"u-back-image\" src=\"https:\/\/piximat.com\/wp-content\/uploads\/2026\/02\/Cover-Magazine-Fashion-Piximat-Homepage-2.jpg?rand=7b3f\">\n<\/div><div class=\"u-over-slide u-shading u-over-slide-4\"><\/div>\n<\/div><div class=\"u-effect-fade u-gallery-item u-gallery-item-5\" data-image-width=\"2000\" data-image-height=\"3000\"><div class=\"u-back-slide\" data-image-width=\"832\" data-image-height=\"1248\"><img decoding=\"async\" class=\"u-back-image\" src=\"https:\/\/piximat.com\/wp-content\/uploads\/2026\/02\/PixiBox_Cover_Genlteman_1-2.png\">\n<\/div><div class=\"u-over-slide u-shading u-over-slide-5\"><\/div>\n<\/div><div class=\"u-effect-fade u-gallery-item u-gallery-item-6\" data-image-width=\"1800\" data-image-height=\"2700\"><div class=\"u-back-slide\" data-image-width=\"832\" data-image-height=\"1248\"><img decoding=\"async\" class=\"u-back-image\" src=\"https:\/\/piximat.com\/wp-content\/uploads\/2026\/02\/PixiBox_Magazine_Cover_Bazaar-2.jpg\">\n<\/div><div class=\"u-over-slide u-shading u-over-slide-6\"><\/div>\n<\/div><\/div>\n        <a class=\"u-absolute-vcenter u-gallery-nav u-gallery-nav-prev u-grey-70 u-icon-circle u-opacity u-opacity-70 u-spacing-10 u-text-white u-gallery-nav-1\" href=\"#\" role=\"button\"><span aria-hidden=\"true\">\n            <svg viewBox=\"0 0 451.847 451.847\"><path d=\"M97.141,225.92c0-8.095,3.091-16.192,9.259-22.366L300.689,9.27c12.359-12.359,32.397-12.359,44.751,0\nc12.354,12.354,12.354,32.388,0,44.748L173.525,225.92l171.903,171.909c12.354,12.354,12.354,32.391,0,44.744\nc-12.354,12.365-32.386,12.365-44.745,0l-194.29-194.281C100.226,242.115,97.141,234.018,97.141,225.92z\"><\/path><\/svg><\/span><span class=\"sr-only\">\n            <svg viewBox=\"0 0 451.847 451.847\"><path d=\"M97.141,225.92c0-8.095,3.091-16.192,9.259-22.366L300.689,9.27c12.359-12.359,32.397-12.359,44.751,0\nc12.354,12.354,12.354,32.388,0,44.748L173.525,225.92l171.903,171.909c12.354,12.354,12.354,32.391,0,44.744\nc-12.354,12.365-32.386,12.365-44.745,0l-194.29-194.281C100.226,242.115,97.141,234.018,97.141,225.92z\"><\/path><\/svg><\/span>\n        <\/a>\n        <a class=\"u-absolute-vcenter u-gallery-nav u-gallery-nav-next u-grey-70 u-icon-circle u-opacity u-opacity-70 u-spacing-10 u-text-white u-gallery-nav-2\" href=\"#\" role=\"button\"><span aria-hidden=\"true\">\n            <svg viewBox=\"0 0 451.846 451.847\"><path d=\"M345.441,248.292L151.154,442.573c-12.359,12.365-32.397,12.365-44.75,0c-12.354-12.354-12.354-32.391,0-44.744\nL278.318,225.92L106.409,54.017c-12.354-12.359-12.354-32.394,0-44.748c12.354-12.359,32.391-12.359,44.75,0l194.287,194.284\nc6.177,6.18,9.262,14.271,9.262,22.366C354.708,234.018,351.617,242.115,345.441,248.292z\"><\/path><\/svg><\/span><span class=\"sr-only\">\n            <svg viewBox=\"0 0 451.846 451.847\"><path d=\"M345.441,248.292L151.154,442.573c-12.359,12.365-32.397,12.365-44.75,0c-12.354-12.354-12.354-32.391,0-44.744\nL278.318,225.92L106.409,54.017c-12.354-12.359-12.354-32.394,0-44.748c12.354-12.359,32.391-12.359,44.75,0l194.287,194.284\nc6.177,6.18,9.262,14.271,9.262,22.366C354.708,234.018,351.617,242.115,345.441,248.292z\"><\/path><\/svg><\/span>\n        <\/a>\n      <\/div>\n    <\/section>\n    <section class=\"u-align-center u-clearfix u-container-align-center u-section-5\" id=\"block-5\">\n      <div class=\"u-clearfix u-sheet u-valign-middle u-sheet-1\">\n        <div class=\"data-layout-selected u-clearfix u-expanded-width u-gutter-22 u-layout-wrap u-layout-wrap-1\">\n          <div class=\"u-layout\">\n            <div class=\"u-layout-row\">\n              <div class=\"u-align-left u-container-align-center u-container-align-center-md u-container-align-center-sm u-container-align-center-xs u-container-align-left u-container-align-left-lg u-container-align-left-xl u-container-style u-layout-cell u-right-cell u-shape-rectangle u-size-26-lg u-size-26-xl u-size-60-md u-size-60-sm u-size-60-xs u-layout-cell-1\">\n                <div class=\"u-container-layout u-container-layout-1\">\n                  <h2 class=\"u-custom-font u-text u-text-body-color u-text-default u-text-1\">VOUS AVEZ UN TH\u00c8ME EN T\u00caTE ? <\/h2>\n                <\/div>\n              <\/div>\n              <div class=\"u-align-center u-container-align-center u-container-style u-layout-cell u-shape-rectangle u-size-34-lg u-size-34-xl u-size-60-md u-size-60-sm u-size-60-xs u-layout-cell-2\">\n                <div class=\"u-container-layout u-valign-top u-container-layout-2\">\n                  <div class=\"u-expanded-width u-form u-form-1\">\n                    <form action=\"https:\/\/service.nicepagesrv.com\/form\/v4\/form-process\" class=\"u-clearfix u-form-spacing-15 u-form-vertical u-inner-form\" style=\"padding: 0;\" source=\"email\" name=\"form\">\n                      <div class=\"u-form-date u-form-group u-form-group-1\">\n                        <label for=\"date-9b69\" class=\"u-label\">Date de votre \u00e9v\u00e9nement<\/label>\n                        <input type=\"text\" placeholder=\"MM\/JJ\/AAAA\" id=\"date-9b69\" name=\"date\" class=\"u-border-2 u-border-black u-border-no-left u-border-no-right u-border-no-top u-input u-input-rectangle\" required=\"\" data-date-format=\"mm\/dd\/yyyy\">\n                      <\/div>\n                      <div class=\"u-form-email u-form-group\">\n                        <label for=\"email-daf4\" class=\"u-label\">Email<\/label>\n                        <input type=\"email\" placeholder=\"Entrez une adresse email valide\" id=\"email-daf4\" name=\"email\" class=\"u-border-2 u-border-black u-border-no-left u-border-no-right u-border-no-top u-input u-input-rectangle\" required=\"\">\n                      <\/div>\n                      <div class=\"u-align-left u-form-group u-form-submit\">\n                        <a href=\"#\" class=\"u-active-palette-3-dark-1 u-border-none u-btn u-btn-round u-btn-submit u-button-style u-custom-color-7 u-hover-custom-color-3 u-radius-50 u-btn-1\">V\u00c9RIFIER LA DISPONIBILIT\u00e9 ET EN DISCUTER<\/a>\n                        <input type=\"submit\" value=\"submit\" class=\"u-form-control-hidden\">\n                      <\/div>\n                      <div class=\"u-form-send-message u-form-send-success\">Merci ! Votre message a \u00e9t\u00e9 envoy\u00e9.<\/div>\n                      <div class=\"u-form-send-error u-form-send-message\">Impossible d'envoyer votre message. Merci de corriger les erreurs et r\u00e9essayer.<\/div>\n                      <input type=\"hidden\" value=\"\" name=\"recaptchaResponse\">\n                      <input type=\"hidden\" name=\"formServices\" value=\"c9e875d9-cd57-6bec-15cc-9fdcf2c1d27a\">\n                    <\/form>\n                  <\/div>\n                <\/div>\n              <\/div>\n            <\/div>\n          <\/div>\n        <\/div>\n      <\/div>\n    <\/section>\n    \n    \n    \n    \n    \n    \n  \n","protected":false},"excerpt":{"rendered":"<p>Du glamour des ann\u00e9es folles \u00e0 la rigueur d&rsquo;une identit\u00e9 de marque, nos studios mobiles s&rsquo;adaptent pour devenir une pi\u00e8ce ma\u00eetresse de votre sc\u00e9nographie. CR\u00c9EZ L&rsquo;IMMERSION. SUBLIMEZ VOTRE TH\u00c8ME. UNE PERSONNALISATION \u00c0 360\u00b0. Un th\u00e8me r\u00e9ussi se joue dans les d\u00e9tails.&nbsp; Chez Piximat, nous ne nous contentons pas de poser une borne.&nbsp;Nous adaptons l&rsquo;exp\u00e9rience compl\u00e8te &hellip; <a href=\"https:\/\/piximat.com\/index.php\/themes-4\/\" class=\"more-link\">Continue reading<span class=\"screen-reader-text\"> \u00ab\u00a0Th\u00e8mes\u00a0\u00bb<\/span><\/a><\/p>\n","protected":false},"author":1,"featured_media":0,"parent":0,"menu_order":1,"comment_status":"closed","ping_status":"closed","template":"","meta":{"footnotes":""},"class_list":["post-1337","page","type-page","status-publish","hentry"],"_links":{"self":[{"href":"https:\/\/piximat.com\/index.php\/wp-json\/wp\/v2\/pages\/1337","targetHints":{"allow":["GET"]}}],"collection":[{"href":"https:\/\/piximat.com\/index.php\/wp-json\/wp\/v2\/pages"}],"about":[{"href":"https:\/\/piximat.com\/index.php\/wp-json\/wp\/v2\/types\/page"}],"author":[{"embeddable":true,"href":"https:\/\/piximat.com\/index.php\/wp-json\/wp\/v2\/users\/1"}],"replies":[{"embeddable":true,"href":"https:\/\/piximat.com\/index.php\/wp-json\/wp\/v2\/comments?post=1337"}],"version-history":[{"count":1,"href":"https:\/\/piximat.com\/index.php\/wp-json\/wp\/v2\/pages\/1337\/revisions"}],"predecessor-version":[{"id":1353,"href":"https:\/\/piximat.com\/index.php\/wp-json\/wp\/v2\/pages\/1337\/revisions\/1353"}],"wp:attachment":[{"href":"https:\/\/piximat.com\/index.php\/wp-json\/wp\/v2\/media?parent=1337"}],"curies":[{"name":"wp","href":"https:\/\/api.w.org\/{rel}","templated":true}]}}